 = 467*g + 31331. Give j(-67).
42
Let y(t) = t**3 + 416*t**2 - 5584*t - 3022. What is y(-429)?
-19
Let w(c) = 9384*c + 319060. Give w(-34).
4
Let r(l) = 9*l**3 + 39*l**2 - 214*l - 1076. Give r(-5).
-156
Let i(s) = 111492*s + 557466. What is i(-5)?
6
Let w(n) = -1018*n**2 - 50*n - 11. What is w(1)?
-1079
Let h(b) = b**3 + 310*b**2 + 19957*b + 2492. Determine h(-91).
-56
Let v(m) = 12*m**2 - 580*m + 6125. Calculate v(15).
125
Let a(m) = 3220*m + 21576. Give a(-7).
-964
Let a(q) = -40*q + 6641. What is a(168)?
-79
Let o(x) = 996*x + 195647. Give o(-196).
431
Let y(g) = 9*g**3 - 2061*g**2 + 4086*g + 22. Determine y(227).
22
Let y(m) = 689*m - 619415. What is y(899)?
-4
Let s(d) = -15*d**3 + 5018*d - 5017. Calculate s(1).
-14
Let p(i) = 1039*i + 165195. What is p(-159)?
-6
Let x(d) = 1986450*d + 9. Give x(0).
9
Let d(z) = -9*z - 483. Calculate d(-32).
-195
Let j(r) = r**2 + 3390*r + 1332953. What is j(-454)?
9
Let t(c) = -c**3 - 19*c**2 - 88*c - 129. Give t(-7).
-101
Let y(j) = -j**3 - 9*j**2 + 135*j - 71. What is y(0)?
-71
Let q(p) = 6*p**3 - 967*p**2 - 4852*p + 21. Determine q(-5).
-644
Let d(h) = 2*h**2 + 30*h - 620. Calculate d(31).
2232
Let t(k) = 6*k**3 + 362*k**2 - 10070*k - 2094. What is t(-81)?
12
Let j(b) = -2339750*b - 9359003. Calculate j(-4).
-3
Let p(t) = -t**3 - 2696*t**2 - 16144*t - 14. Calculate p(-6).
10
Let d(i) = -i**2 - 6791*i - 483792. Determine d(-72).
-24
Let m(h) = h**3 + 6*h**2 - 7029*h - 42155. What is m(-6)?
19
Let w(o) = 3947*o + 144504. Determine w(-37).
-1535
Let t(b) = -2*b**3 - 7*b**2 + 127*b - 59. Calculate t(-11).
359
Let u(h) = -71*h**2 + 507*h + 903. What is u(9)?
-285
Let o(r) = 5*r**3 + 285*r**2 - 282*r + 490. Give o(-58).
26
Let p(r) = -330693*r + 2645534. Give p(8).
-10
Let j(l) = 4236*l - 440539. Determine j(104).
5
Let w(v) = v**2 - 503*v + 41260. What is w(104)?
-236
Let b(w) = -129436*w - 647150. Give b(-5).
30
Let n(u) = 2*u**3 + 66*u**2 + 392*u - 137. Give n(-25).
63
Let y(w) = 13670*w + 259749. Determine y(-19).
19
Let a(q) = -4*q**2 + 153*q + 973. Give a(44).
-39
Let w(v) = -2054*v**2 + 39055*v - 51. Calculate w(19).
500
Let d(l) = -5*l**3 + 449*l**2 + 36*l + 4863. Determine d(90).
3
Let q(n) = -145522*n + 727607. Calculate q(5).
-3
Let v(z) = 10*z**2 + 1399*z + 24975. Determine v(-21).
6
Let k(v) = -606*v**2 + 3032*v - 10. Calculate k(5).
0
Let n(r) = 17*r**2 + 94*r - 757. What is n(12)?
2819
Let h(p) = 27422*p - 27431. Give h(1).
-9
Let d(z) = 181*z + 1120. What is d(-6)?
34
Let p(g) = 14*g**2 - 226*g + 362. Determine p(14).
-58
Let b(c) = -c**3 + 20*c**2 + 274*c - 1449. Calculate b(28).
-49
Let w(p) = -802407*p - 3209664. Give w(-4).
-36
Let z(f) = -278*f + 16250. Calculate z(60).
-430
Let l(i) = -2415*i - 24990. Calculate l(-10).
-840
Let f(k) = -618*k**3 + 61806*k**2 - 596*k - 390. Give f(100).
10
Let w(u) = -2*u**3 + 2248*u**2 - 167*u + 187795. Calculate w(1124).
87
Let v(l) = -l**2 + 51916*l - 3888071. Give v(75).
4
Let j(n) = 6059*n - 35899. Give j(6).
455
Let u(r) = -3*r**3 + 51*r**2 + 154*r + 477. Calculate u(20).
-43
Let g(m) = -387*m + 418. What is g(1)?
31
Let v(q) = -6*q**3 + 68*q**2 + 224*q - 36. Give v(14).
-36
Let x(c) = -5*c**3 - 433*c**2 + 46480*c - 1183. Calculate x(-149).
9
Let d(s) = 7514*s - 45544. Calculate d(6).
-460
Let d(y) = 8019*y - 80257. Determine d(10).
-67
Let h(b) = -b**3 - 116*b**2 - 229*b - 62. What is h(-114)?
52
Let z(s) = 3*s**3 - 605*s**2 + 1802*s + 19. Give z(3).
61
Let w(v) = 5*v**2 + 1079*v + 1860. Give w(-208).
-6252
Let k(o) = -6*o**3 - 132*o**2 - 68*o - 74. Calculate k(-21).
-1292
Let y(o) = 7000*o - 55923. Calculate y(8).
77
Let f(h) = h**3 - 92*h**2 + 1970*h + 16. Determine f(58).
-100
Let g(o) = 56*o**2 + 3025*o - 22. What is g(-54)?
-76
Let w(v) = 38*v**3 - 679*v**2 - 245*v + 2806. Give w(18).
16
Let g(f) = f**3 - 39*f**2 - 309*f - 482. Calculate g(46).
116
Let t(k) = -2721*k - 97890. Determine t(-36).
66
Let q(c) = -c**2 - 193*c - 7123. Give q(-35).
-1593
Let n(z) = 4*z**3 + 37*z**2 - 564*z - 5168. Determine n(-10).
172
Let z(y) = 7256*y + 72684. Give z(-10).
124
Let j(b) = 24*b**2 - 8721*b - 23057. Determine j(366).
1
Let v(h) = -5022*h + 28528. Give v(5).
3418
Let i(o) = -39*o**2 + 1433*o - 13156. What is i(18)?
2
Let p(d) = d**2 - 46007*d + 26392498. What is p(581)?
-8
Let j(h) = h**2 + 281*h - 21586. What is j(63)?
86
Let i(k) = -k**2 - 50*k + 4881. Calculate i(53).
-578
Let y(w) = -422*w**3 - 247*w**2 - 235*w + 13. Give y(-1).
423
Let q(f) = -278*f + 2144. Determine q(7).
198
Let f(x) = -x**3 - 22*x - 954. Determine f(-9).
-27
Let u(i) = 1620*i - 12296. What is u(8)?
664
Let p(m) = -378*m**2 - 22311*m - 539. Determine p(-59).
-8
Let q(i) = 2*i**3 + 153*i**2 + 863*i + 484. Give q(-5).
-256
Let v(j) = -160*j**2 - 60976*j - 6084. Determine v(-381).
12
Let m(o) = -48278*o - 772428. Give m(-16).
20
Let t(r) = -r**3 + 36*r**2 - 45*r - 56. What is t(35)?
-406
Let b(m) = 1104536*m + 49704119. Give b(-45).
-1
Let p(z) = -z**3 - 2*z**2 - z + 858. Determine p(0).
858
Let l(i) = 164*i**2 - 1944*i - 274. What is l(12)?
14
Let q(z) = -z**3 - 42*z**2 + 359*z - 751. Calculate q(5).
-131
Let y(l) = 4306*l - 22508. Give y(5).
-978
Let c(j) = 1193*j + 767. What is c(2)?
3153
Let b(m) = -3*m**2 - 404*m - 273. Calculate b(-134).
-5
Let u(m) = 308*m + 11092. Give u(-38).
-612
Let j(f) = 24*f**3 - 29*f**2 + f + 4. Give j(2).
82
Let i(v) = v**2 + 98*v - 8159. Determine i(51).
-560
Let p(y) = -33*y**3 - 53*y**2 - y - 29. Give p(-2).
25
Let u(t) = -1496*t + 578965. What is u(387)?
13
Let u(i) = -i**2 + 1059*i + 7480. Determine u(-7).
18
Let c(w) = -w**3 + 3*w**2 + 15377*w + 7. Calculate c(0).
7
Let x(g) = 168997*g**2 + 338000*g + 6. Give x(-2).
-6
Let g(j) = 19065*j - 705405. Calculate g(37).
0
Let v(c) = 24*c**2 - 1177*c + 6151. Calculate v(43).
-84
Let l(r) = 326*r + 27294. What is l(-84)?
-90
Let k(v) = 13*v**3 - v**2 - 20*v - 31. Determine k(-2).
-99
Let v(i) = 2*i**2 + 18*i - 4257. Determine v(48).
1215
Let w(h) = -1940*h - 372485. Determine w(-192).
-5
Let d(h) = 158*h**2 + 13589*h + 66. What is d(-86)?
-20
Let s(p) = 2*p**3 - 65*p**2 + 198*p + 5. Determine s(8).
-1547
Let j(g) = 459*g - 22404. Give j(48).
-372
Let q(h) = 2*h**3 + 696*h**2 + 4102*h - 690. Calculate q(-342).
-6
Let d(c) = c**3 + 31*c**2 + 134*c - 1118. Determine d(-23).
32
Let x(v) = -3224*v - 73926. What is x(-23)?
226
Let m(y) = -848*y + 11672. Give m(13).
648
Let d(t) = -t**3 + 13*t**2 + 36*t - 461. Determine d(13).
7
Let b(a) = a**2 - 13306*a - 93204. What is b(-7)?
-13
Let b(g) = -2*g**2 - 305*g - 6663. Calculate b(-28).
309
Let p(s) = -173*s - 754. Calculate p(-10).
976
Let m(z) = -9543*z - 19957. Calculate m(-2).
-871
Let i(y) = 4581*y - 23861. Calculate i(5).
-956
Let x(d) = -773*d + 116. What is x(0)?
116
Let z(n) = -n**3 + 242*n**2 - 213*n - 6710. Determine z(241).
38
Let z(y) = -y**3 + 98*y**2 + 193*y + 536. Determine z(100).
-164
Let s(w) = 2*w**3 + 4*w**2 + 68*w - 383. Calculate s(4).
81
Let b(g) = 11*g**2 - 371*g - 13733. Determine b(56).
-13
Let p(j) = j**3 - 95*j**2 - 8*j + 608. Calculate p(95).
-152
Let n(y) = 14*y**2 + 3230*y + 15998. Calculate n(-5).
198
Let i(b) = 1559*b - 1482663. Give i(951).
-54
Let k(r) = -25548*r + 127769. Determine k(5).
29
Let t(g) = -147*g - 7949. Determine t(-56).
283
Let v(q) = q**2 + 19*q + 13. Calculate v(-32).
429
Let r(q) = 841*q - 2379. Calculate r(8).
4349
Let i(d) = d**2 + 570289*d - 3992084. Calculate i(7).
-12
Let z(x) = x**2 - 368*x + 23248. Calculate z(287).
1
Let g(q) = 56078*q - 1177634. Calculate g(21).
4
Let w(o) = -o**3 + 7*o**2 + 56*o + 25. Calculate w(16).
-1383
Let a(m) = 51314*m - 769715. Give a(15).
-5
Let z(b) = -b**3 - 7*b**2 + 6*b + 522. What is z(7)?
-122
Let d(k) = 4*k**2 + 382*k + 4720. Calculate d(-81).
22
Let k(c) = 17*c**3 - 1388*c**2 - 3356*c - 278. Calculate k(84).
58
Let s(d) = -d**3 + 978*d**2 + 152773*d - 20061. Calculate s(1115).
9
Let j(v) = -765*v**2 + 119328*v + 1863. What is j(156)?
-9
Let f(i) = 935*i - 40133. Give f(43).
72
Let m(p) = -627*p - 55471. Calculate m(-89).
332
Let d(x) = -173125*x - 346100. Determine d(-2).
150
Let i(p) = 6*p**2 - 7532*p + 44971. Give i(6).
-5
Let k(c) = 1188*c**2 + 3468*c - 300. What is k(-3)?
-12
Let s(q) = 261*q**3 + 3*q**2 - 244*q - 497. Determine s(-2).
-2085
Let w(c) = -5*